666857?
223
What is the greatest common divisor of 15 and 106115585?
5
Calculate the highest common factor of 6355346 and 452.
226
What is the highest common factor of 252 and 1322930?
14
Calculate the highest common factor of 113484 and 1784092.
772
What is the greatest common factor of 28 and 48417565?
7
Calculate the highest common divisor of 15376 and 1811640.
248
What is the highest common divisor of 640 and 608110?
10
What is the highest common divisor of 50063275 and 75?
25
Calculate the greatest common divisor of 100 and 9679980.
20
What is the greatest common divisor of 20699825 and 1043?
149
Calculate the greatest common divisor of 517 and 40160076.
11
Calculate the highest common factor of 318133 and 712779.
4027
Calculate the greatest common divisor of 6760222 and 70.
14
Calculate the greatest common divisor of 42 and 1429051323.
21
What is the greatest common factor of 99126 and 381618?
18
What is the greatest common factor of 5687103 and 25152?
393
What is the highest common divisor of 1256 and 4260666?
314
What is the greatest common divisor of 5595672 and 10344?
24
What is the greatest common divisor of 50998272 and 39?
39
What is the greatest common factor of 294 and 324984?
6
What is the highest common factor of 1167796 and 4235008?
932
Calculate the greatest common factor of 49857120 and 345.
15
Calculate the highest common factor of 342238 and 78.
26
Calculate the highest common factor of 268082 and 6896.
862
Calculate the highest common divisor of 2072 and 89322107.
259
What is the highest common divisor of 93948700 and 450?
50
Calculate the greatest common factor of 4396 and 216328.
28
Calculate the highest common divisor of 1439700 and 2400.
300
Calculate the highest common factor of 4810 and 3313128.
962
Calculate the greatest common divisor of 785855 and 1155.
35
What is the greatest common divisor of 2644375 and 2830539?
4231
Calculate the greatest common factor of 881577 and 1275552.
927
What is the greatest common divisor of 64242 and 95546?
86
Calculate the highest common divisor of 383679 and 266733.
801
Calculate the greatest common factor of 16720 and 67118640.
1520
Calculate the greatest common factor of 319 and 6337661.
11
What is the highest common factor of 3479 and 1486385?
71
What is the greatest common factor of 2793 and 30514?
19
What is the greatest common divisor of 869032 and 5336?
184
Calculate the highest common divisor of 842 and 275696481.
421
Calculate the greatest common factor of 6196157 and 176.
11
What is the greatest common factor of 770 and 909502?
22
Calculate the highest common divisor of 2212756 and 89908.
364
Calculate the greatest common factor of 3173654421 and 63.
63
Calculate the greatest common factor of 18208 and 869248.
32
Calculate the highest common factor of 136 and 18280134.
34
Calculate the highest common divisor of 89 and 3801991.
89
What is the highest common divisor of 5512 and 9106513?
689
Calculate the highest common divisor of 61622854 and 372.
62
Calculate the greatest common factor of 658590 and 72210.
870
Calculate the highest common divisor of 1422 and 144254.
158
What is the greatest common factor of 337657049 and 1912?
239
What is the highest common factor of 7790 and 2477999?
779
Calculate the greatest common divisor of 7123 and 437716.
17
What is the highest common divisor of 1641383 and 132815?
263
Calculate the highest common factor of 545857390 and 260.
130
What is the highest common factor of 463272 and 15?
3
Calculate the greatest common divisor of 4253474 and 602.
86
Calculate the greatest common divisor of 50501 and 16119001.
4591
What is the greatest common factor of 194665096 and 136?
136
Calculate the greatest common factor of 222 and 2381320.
74
Calculate the highest common factor of 85322 and 168338.
2306
What is the greatest common factor of 181512268 and 2416?
604
What is the highest common divisor of 3774757 and 6853?
623
What is the greatest common divisor of 12151 and 564427?
29
Calculate the highest common divisor of 484080 and 285.
15
Calculate the greatest common factor of 670751 and 202965.
1933
Calculate the greatest common divisor of 431893404 and 4234.
4234
What is the highest common divisor of 223382144 and 128?
128
Calculate the highest common divisor of 30583063 and 826.
413
Calculate the greatest common divisor of 91 and 20047092.
13
What is the highest common divisor of 11016 and 1592424?
1224
What is the highest common factor of 1750 and 803096?
14
Calculate the greatest common factor of 120387813 and 7384.
923
Calculate the highest common factor of 2785696 and 436258.
662
What is the greatest common divisor of 6491890 and 2920?
730
Calculate the greatest common divisor of 309005 and 320.
5
What is the greatest common divisor of 25074347 and 23?
23
What is the highest common factor of 32013380 and 14?
14
What is the highest common factor of 2262665 and 505?
5
What is the greatest common divisor of 9620 and 192193170?
4810
What is the greatest common divisor of 101314 and 56206?
358
What is the greatest common divisor of 22 and 12624370?
22
Calculate the highest common factor of 25358 and 589.
31
What is the greatest common factor of 293323 and 29839?
563
What is the highest common divisor of 2642 and 250662392?
2642
Calculate the greatest common divisor of 10463 and 239.
1
Calculate the greatest common divisor of 397965 and 124055.
215
What is the highest common divisor of 33 and 14029389?
33
Calculate the greatest common factor of 284 and 74889806.
142
Calculate the highest common divisor of 74878960 and 100.
20
What is the greatest common factor of 2156 and 7188?
4
Calculate the greatest common divisor of 2146516 and 4384.
548
Calculate the highest common divisor of 4040 and 46576655.
505
What is the greatest common factor of 294 and 4192048?
98
Calculate the highest common factor of 56 and 31010273.
7
Calculate the highest common factor of 730 and 258.
2
What is the greatest common factor of 1016323 and 49819?
77
What is the highest common divisor of 21330420 and 90?
30
What is the greatest common factor of 97950 and 1342568?
1306
What is the greatest common divisor of 19733 and 2030?
7
Calculate the greatest common divisor of 11866 and 3047216.
34
What is the highest common divisor of 7 and 40462898?
7
What is the highest common divisor of 448258475 and 14070?
2345
Calculate the highest common divisor of 195 and 3636990.
15
Calculate the highest common divisor of 222 and 80241234.
222
What is the greatest common divisor of 175176 and 20088?
216
What is the highest common divisor of 16 and 1418757440?
16
Calculate the greatest common factor of 87407127 and 18.
9
What is the greatest common factor of 102984 and 34300?
28
What is the highest common divisor of 5804 and 14428?
4
What is the greatest common divisor of 10338808 and 187886?
5078
What is the highest common factor of 286 and 138816249?
143
Calculate the greatest common factor of 1576970 and 558.
62
What is the highest common factor of 6927 and 72340970?
2309
Calculate the highest common factor of 696 and 14267826.
174
Calculate the greatest common divisor of 356454 and 3129084.
378
Calculate the highest common divisor of 4338648 and 9144.
72
Calculate the greatest common divisor of 5296 and 1263427.
331
What is the highest common divisor of 2583980 and 210?
70
Calculate the greatest common factor of 281841040 and 457.
457
What is the highest common divisor of 13945408 and 2316?
772
What is the greatest common factor of 672 and 2002602?
42
Calculate the highest common factor of 388626 and 284886.
798
What is the greatest common divisor of 67082395 and 470?
235
What is the highest common factor of 213 and 6626430?
213
What is the greatest common factor of 11 and 111347?
1
What is the highest common factor of 4795 and 4731706?
959
What is the highest common divisor of 32720 and 1245?
5
Calculate the greatest common divisor of 23736 and 22494.
138
Calculate the highest common factor of 558616300 and 110.
110
What is the greatest common divisor of 1199372 and 368?
4
Calculate the highest common divisor of 18 and 355037652.
18
What is the greatest common divisor of 79169520 and 6000?
240
What is the greatest common divisor of 131585974 and 572?
26
Calculate the greatest c